at are the prime factors of 1168010?
2, 5, 271, 431
List the prime factors of 113141.
7, 2309
List the prime factors of 427780.
2, 5, 73, 293
What are the prime factors of 594405?
3, 5, 7, 17, 37
List the prime factors of 65113.
19, 23, 149
What are the prime factors of 745450?
2, 5, 17, 877
List the prime factors of 302207.
277, 1091
List the prime factors of 29576354.
2, 349, 42373
List the prime factors of 1740783.
3, 11, 17, 29, 107
What are the prime factors of 4654870?
2, 5, 11, 3847
What are the prime factors of 1311501?
3, 137, 3191
List the prime factors of 927482.
2, 463741
List the prime factors of 1345386.
2, 3, 7, 103, 311
What are the prime factors of 8896851?
3, 433, 761
What are the prime factors of 323950?
2, 5, 11, 19, 31
What are the prime factors of 159317?
313, 509
What are the prime factors of 2720981?
2720981
List the prime factors of 1134718.
2, 13, 19, 2297
List the prime factors of 649616.
2, 11, 3691
List the prime factors of 812318.
2, 13, 157, 199
What are the prime factors of 5981299?
359, 16661
What are the prime factors of 310733?
310733
What are the prime factors of 105558?
2, 3, 73, 241
What are the prime factors of 9711922?
2, 11, 281, 1571
What are the prime factors of 2012247?
3, 23, 9721
What are the prime factors of 460608?
2, 3, 2399
What are the prime factors of 9596?
2, 2399
What are the prime factors of 870753?
3, 13, 83, 269
What are the prime factors of 95461?
95461
List the prime factors of 14743146.
2, 3, 11, 223381
What are the prime factors of 582378?
2, 3, 29, 3347
What are the prime factors of 2747986?
2, 1129, 1217
List the prime factors of 1654508.
2, 17, 29, 839
List the prime factors of 3422578.
2, 1711289
List the prime factors of 300001.
13, 47, 491
What are the prime factors of 2030806?
2, 1015403
What are the prime factors of 1218080?
2, 5, 23, 331
List the prime factors of 1668490.
2, 5, 166849
What are the prime factors of 15508373?
41, 378253
What are the prime factors of 665596?
2, 166399
What are the prime factors of 326195?
5, 65239
What are the prime factors of 3350545?
5, 11, 60919
List the prime factors of 7487594.
2, 3743797
List the prime factors of 358425.
3, 5, 59
List the prime factors of 1974690.
2, 3, 5, 37, 593
List the prime factors of 2180623.
71, 30713
List the prime factors of 2647095.
3, 5, 11, 61, 263
What are the prime factors of 1512876?
2, 3, 139, 907
List the prime factors of 2758171.
13, 212167
List the prime factors of 112793.
149, 757
List the prime factors of 847676.
2, 73, 2903
What are the prime factors of 719343?
3, 257, 311
List the prime factors of 252497.
7, 5153
What are the prime factors of 5185002?
2, 3, 864167
What are the prime factors of 3344168?
2, 131, 3191
List the prime factors of 2076675.
3, 5, 27689
List the prime factors of 491388.
2, 3, 40949
List the prime factors of 245827.
293, 839
What are the prime factors of 156700?
2, 5, 1567
List the prime factors of 2140922.
2, 7, 31, 4933
List the prime factors of 2263693.
71, 31883
What are the prime factors of 6390508?
2, 1049, 1523
List the prime factors of 14050323.
3, 7, 83, 2687
What are the prime factors of 63758?
2, 71, 449
What are the prime factors of 2030294?
2, 7, 145021
What are the prime factors of 132356?
2, 7, 29, 163
List the prime factors of 2663541.
3, 295949
List the prime factors of 129723.
3, 11, 3931
What are the prime factors of 5923519?
7, 846217
List the prime factors of 117999.
3, 7, 1873
List the prime factors of 2416819.
19, 131, 971
What are the prime factors of 304693?
83, 3671
What are the prime factors of 23953384?
2, 7, 13, 2531
List the prime factors of 12161620.
2, 5, 107, 5683
What are the prime factors of 139382?
2, 69691
List the prime factors of 1674007.
17, 59, 1669
List the prime factors of 185197.
41, 4517
List the prime factors of 3052011.
3, 43, 59, 401
List the prime factors of 722702.
2, 361351
List the prime factors of 45409.
7, 13, 499
What are the prime factors of 5795697?
3, 619, 3121
What are the prime factors of 212317?
7, 619
List the prime factors of 12757264.
2, 13, 61333
What are the prime factors of 601917?
3, 200639
What are the prime factors of 246489?
3, 82163
What are the prime factors of 17579821?
7, 31, 81013
What are the prime factors of 1051137?
3, 19, 683
List the prime factors of 1630018.
2, 13, 71, 883
List the prime factors of 300983.
491, 613
List the prime factors of 8094964.
2, 2023741
What are the prime factors of 119451?
3, 29, 1373
List the prime factors of 1491906.
2, 3, 13, 31, 617
List the prime factors of 564069.
3, 11, 17093
List the prime factors of 677461.
677461
What are the prime factors of 154264?
2, 11, 1753
What are the prime factors of 1592715?
3, 5, 106181
List the prime factors of 283626.
2, 3, 7, 2251
List the prime factors of 3027186.
2, 3, 61, 919
List the prime factors of 4211538.
2, 3, 59, 11897
What are the prime factors of 867364?
2, 216841
What are the prime factors of 10390508?
2, 2597627
What are the prime factors of 35490749?
7, 773, 937
What are the prime factors of 443089?
443089
What are the prime factors of 255418?
2, 127709
What are the prime factors of 11512386?
2, 3, 639577
List the prime factors of 6962223.
3, 2320741
What are the prime factors of 43196?
2, 10799
What are the prime factors of 11303983?
239, 47297
What are the prime factors of 2507524?
2, 211, 2971
List the prime factors of 126679.
7, 18097
List the prime factors of 388483.
388483
What are the prime factors of 92338?
2, 137, 337
What are the prime factors of 1667276?
2, 13, 32063
What are the prime factors of 923131?
11, 83921
What are the prime factors of 1100163?
3, 366721
List the prime factors of 1812280.
2, 5, 45307
What are the prime factors of 5617209?
3, 13, 144031
List the prime factors of 12565022.
2, 311, 20201
List the prime factors of 1860605.
5, 372121
What are the prime factors of 136145?
5, 73, 373
List the prime factors of 2014586.
2, 7, 61, 337
List the prime factors of 1943631.
3, 215959
What are the prime factors of 2691837?
3, 349, 857
What are the prime factors of 242753?
7, 34679
List the prime factors of 4027627.
4027627
List the prime factors of 1922735.
5, 384547
What are the prime factors of 27339?
3, 13, 701
What are the prime factors of 826381?
826381
List the prime factors of 19577.
19577
List the prime factors of 949752.
2, 3, 4397
What are the prime factors of 3769068?
2, 3, 19, 61, 271
What are the prime factors of 23968?
2, 7, 107
What are the prime factors of 476024?
2, 157, 379
What are the prime factors of 126821?
31, 4091
What are the prime factors of 1469628?
2, 3, 40823
List the prime factors of 81123.
3, 7, 3863
List the prime factors of 8487559.
151, 56209
What are the prime factors of 7840870?
2, 5, 784087
List the prime factors of 1867013.
1867013
List the prime factors of 6205817.
6205817
List the prime factors of 15249032.
2, 37, 51517
List the prime factors of 114491.
13, 8807
List the prime factors of 190314.
2, 3, 97, 109
What are the prime factors of 746?
2, 373
List the prime factors of 3314016.
2, 3, 37, 311
List the prime factors of 138879.
3, 13, 1187
List the prime factors of 262168.
2, 32771
List the prime factors of 520906.
2, 260453
What are the prime factors of 166720?
2, 5, 521
What are the prime factors of 4451576?
2, 53, 10499
What are the prime factors of 535900?
2, 5, 23, 233
What are the prime factors of 5684587?
83, 68489
What are the prime factors of 93183?
3, 89, 349
What are the prime factors of 1006921?
313, 3217
What are the prime factors of 18789999?
3, 29, 31, 6967
List the prime factors of 10943359.
7, 17, 91961
List the prime factors of 528307.
13, 40639
What are the prime factors of 558203?
558203
What are the prime factors of 4098385?
5, 281, 2917
List the prime factors of 7588530.
2, 3, 5, 84317
List the prime factors of 1182728.
2, 163, 907
What are the prime factors of 191715?
3, 5, 12781
List the prime factors of 726077.
11, 149, 443
List the prime factors of 78586.
2, 39293
What are the prime factors of 194707?
194707
List the prime factors of 379628.
2, 94907
What are the prime factors of 11396938?
2, 7, 814067
List the prime factors of 167605.
5, 33521
List the prime factors of 353592.
2, 3, 1637
List the prime factors of 1034220.
